 units digit of 4333650719?
9
What is the ten thousands digit of 3318098605?
9
What is the tens digit of 133558630?
3
What is the hundreds digit of 2396809969?
9
What is the thousands digit of 103225122?
5
What is the hundred thousands digit of 2911203535?
2
What is the millions digit of 1411916284?
1
What is the ten millions digit of 1195389497?
9
What is the thousands digit of 3449485993?
5
What is the hundreds digit of 107414212?
2
What is the hundreds digit of 136714256?
2
What is the billions digit of 6205691736?
6
What is the hundred millions digit of 842977746?
8
What is the millions digit of 132411661?
2
What is the ten thousands digit of 299798815?
9
What is the units digit of 23317162?
2
What is the ten thousands digit of 115816829?
1
What is the hundreds digit of 22702690?
6
What is the millions digit of 8288703241?
8
What is the millions digit of 31517830?
1
What is the hundreds digit of 522336748?
7
What is the ten thousands digit of 439481178?
8
What is the ten millions digit of 5171136777?
7
What is the thousands digit of 4343283038?
3
What is the ten thousands digit of 5520231464?
3
What is the thousands digit of 58597314?
7
What is the hundred millions digit of 1412400495?
4
What is the hundred thousands digit of 166660918?
6
What is the hundreds digit of 960804879?
8
What is the hundred thousands digit of 146585174?
5
What is the hundred millions digit of 1592451684?
5
What is the hundred millions digit of 819538057?
8
What is the millions digit of 5823246155?
3
What is the ten millions digit of 4337081176?
3
What is the tens digit of 2289921477?
7
What is the hundred thousands digit of 75951092?
9
What is the hundreds digit of 2067488864?
8
What is the hundreds digit of 3948213509?
5
What is the units digit of 4141282593?
3
What is the thousands digit of 2254876699?
6
What is the hundreds digit of 86358476?
4
What is the hundred thousands digit of 104840842?
8
What is the units digit of 340602460?
0
What is the tens digit of 1027669810?
1
What is the hundred thousands digit of 64098184?
0
What is the hundreds digit of 320634320?
3
What is the millions digit of 21999967?
1
What is the hundreds digit of 706069?
0
What is the hundreds digit of 94622765?
7
What is the hundred thousands digit of 407804791?
8
What is the hundred millions digit of 2963371935?
9
What is the millions digit of 222076204?
2
What is the thousands digit of 125150077?
0
What is the thousands digit of 133114216?
4
What is the millions digit of 1315832935?
5
What is the hundred millions digit of 365554919?
3
What is the hundred millions digit of 3257062474?
2
What is the units digit of 1049162781?
1
What is the hundreds digit of 10052608?
6
What is the ten millions digit of 24012274?
2
What is the millions digit of 148917810?
8
What is the hundred millions digit of 417846100?
4
What is the ten thousands digit of 281408628?
0
What is the ten thousands digit of 615257692?
5
What is the hundred thousands digit of 36653059?
6
What is the hundred thousands digit of 6019737929?
7
What is the millions digit of 2700614508?
0
What is the tens digit of 51520949?
4
What is the thousands digit of 274616153?
6
What is the thousands digit of 50900120?
0
What is the tens digit of 1497970594?
9
What is the thousands digit of 1836263?
6
What is the millions digit of 2849919832?
9
What is the units digit of 1045150037?
7
What is the units digit of 1994547779?
9
What is the hundred thousands digit of 1470761457?
7
What is the tens digit of 721803713?
1
What is the ten millions digit of 43623852?
4
What is the tens digit of 3142234?
3
What is the units digit of 6130415051?
1
What is the hundred thousands digit of 2352218456?
2
What is the thousands digit of 920686112?
6
What is the thousands digit of 124386737?
6
What is the millions digit of 3089159550?
9
What is the hundred thousands digit of 3260733543?
7
What is the units digit of 258574157?
7
What is the millions digit of 828292279?
8
What is the units digit of 488364857?
7
What is the hundred millions digit of 460544983?
4
What is the millions digit of 74746143?
4
What is the hundreds digit of 565629400?
4
What is the hundreds digit of 72371746?
7
What is the units digit of 26033065?
5
What is the units digit of 41592185?
5
What is the hundred millions digit of 531231956?
5
What is the hundreds digit of 140831069?
0
What is the hundred thousands digit of 261383215?
3
What is the hundred thousands digit of 907457111?
4
What is the ten thousands digit of 1094022851?
2
What is the ten thousands digit of 201248380?
4
What is the ten thousands digit of 1795916860?
1
What is the tens digit of 129204238?
3
What is the millions digit of 2167053981?
7
What is the millions digit of 111284040?
1
What is the ten thousands digit of 1122228440?
2
What is the hundred thousands digit of 3485107839?
1
What is the hundreds digit of 146594508?
5
What is the ten millions digit of 3186451558?
8
What is the tens digit of 24225090?
9
What is the thousands digit of 295030414?
0
What is the ten thousands digit of 163370867?
7
What is the hundreds digit of 38026752?
7
What is the ten millions digit of 21455118?
2
What is the ten millions digit of 84405393?
8
What is the units digit of 550420678?
8
What is the thousands digit of 11166115?
6
What is the ten millions digit of 3031237210?
3
What is the millions digit of 23682839?
3
What is the units digit of 927806479?
9
What is the tens digit of 2851254388?
8
What is the tens digit of 258862844?
4
What is the millions digit of 72918287?
2
What is the ten millions digit of 218531829?
1
What is the millions digit of 1249962040?
9
What is the ten thousands digit of 110306451?
0
What is the tens digit of 6411770?
7
What is the hundred thousands digit of 36183060?
1
What is the units digit of 23987185?
5
What is the hundreds digit of 90122322?
3
What is the units digit of 150412312?
2
What is the thousands digit of 318337231?
7
What is the thousands digit of 121854854?
4
What is the ten thousands digit of 3990454?
9
What is the ten thousands digit of 29040157?
4
What is the ten thousands digit of 75674193?
7
What is the ten thousands digit of 565658040?
5
What is the tens digit of 2118236988?
8
What is the tens digit of 149113984?
8
What is the billions digit of 1401258794?
1
What is the ten millions digit of 449094871?
4
What is the ten thousands digit of 618623109?
2
What is the millions digit of 66851853?
6
What is the units digit of 4964145201?
1
What is the millions digit of 45754448?
5
What is the units digit of 6849636?
6
What is the hundreds digit of 230333018?
0
What is the units digit of 707750473?
3
What is the thousands digit of 3583159346?
9
What is the ten thousands digit of 296047167?
4
What is the hundred thousands digit of 117489421?
4
What is the units digit of 1138682855?
5
What is the billions digit of 5588635705?
5
What is the tens digit of 363721520?
2
What is the hundred thousands digit of 5399347?
3
What is the thousands digit of 1003837348?
7
What is the units digit of 5925760?
0
What is the ten millions digit of 1162473451?
6
What is the thousands digit of 1145173441?
3
What is the thousands digit of 49204012?
4
What is the hundred thousands digit of 2866321738?
3
What is the tens digit of 1198453393?
9
What is the thousands digit of 74702658?
2
What is the billions digit of 1086158197?
1
What is the ten thousands digit of 714748305?
4
What is the tens digit of 853041517?
1
What is the hundred thousands digit of 155256773?
2
What is the ten thousands digit of 210920577?
2
What is the ten thousands digit of 588720125?
2
What is the thousands digit of 1850869000?
9
What is the hundreds digit of 5899847?
8
What is the hundred millions digit of 264025260?
2
What is the billions digit of 1309051612?
1
What is the millions digit of 58011903?
8
What is the millions digit of 134136593?
4
What is the hundred millions digit of 1471404094?
4
What is the hundreds digit of 838367?
3
What is the ten thousands digit of 13015237?
1
What is the tens digit of 17816809?
0
What is the ten thousands digit of 35400096?
0
What is the millions digit of 30920142?
0
What is the hundred thousands digit of 350271744?
2
What is the tens digit of 94423063?
6
What is the hundred thousands digit of 400989